{"id":2,"date":"2010-08-24T16:25:03","date_gmt":"2010-08-24T14:25:03","guid":{"rendered":"http:\/\/www.kahler-sandhasentheater.com\/wordpress\/?page_id=2"},"modified":"2025-11-30T15:43:23","modified_gmt":"2025-11-30T13:43:23","slug":"ueber-uns","status":"publish","type":"page","link":"https:\/\/www.kahler-sandhasentheater.com\/wordpress\/ueber-uns\/","title":{"rendered":"\u00dcber Uns"},"content":{"rendered":"<p>1995 hatten ein paar Eltern des Kindergartens Sonnenschein die Idee, \u201eErz\u00e4hl\u201c-Theater f\u00fcr Kinder zu spielen. Mit der Zeit wurden unsere Theaterst\u00fccke l\u00e4nger und anspruchsvoller, irgendwann gab es keinen Erz\u00e4hler mehr und die Akteure sprechen seitdem ihre Dialoge selbst.<\/p>\n<p>Seit dem Jahr 2000 nennen wir uns \u201eKahler Sandhasen-Theater\u201c und in 2004 gr\u00fcndeten wir einen Verein.<\/p>\n<p>Rund 15 Mitwirkende bringen jedes Jahr, in Teamwork innerhalb von 9 Monaten, bei nur einer Probe w\u00f6chentlich, ein ausgew\u00e4hltes Theaterst\u00fcck auf die B\u00fchne. Dabei legen wir viel Wert auf das B\u00fchnenbild, viel Musik und -bei Kinderst\u00fccken- Licht- und&nbsp; kleine Pyroeffekte.<\/p>\n<p>&nbsp;<\/p>\n<h3><span style=\"font-family: comic sans ms,arial,helvetica;\">&nbsp;<\/span><\/h3>\n<h2><strong>Mitglieder:<\/strong><\/h2>\n<p><strong>1. Vorsitzender :&nbsp;<\/strong>Adolf Schwierz<\/p>\n<p><strong>stellvertretende Vorsitzende :&nbsp;<\/strong>Jutta Knies<\/p>\n<p><strong>Kassierer :&nbsp;<\/strong>Annette Schwierz<\/p>\n<p><strong>Schriftf\u00fchrer: <\/strong>Denise Huth<\/p>\n<p><strong>Beisitzer :&nbsp;<\/strong>Andrea Wenzel-St\u00f6hr<\/p>\n<p>&nbsp;<\/p>\n<p><strong>weitere Mitglieder:<\/strong><\/p>\n<p>Michael Knies<br \/>\nSebastian Schwierz<br \/>\nAlexandra Schwierz<br \/>\nJannis Huth<br \/>\nBirgit Faller<br \/>\nMargarete Stenger<br \/>\nStefan Stenger<br \/>\nRamona Stenger<br \/>\n<!--mstheme--><!--mstheme-->Petra Galfe<br \/>\n<!--mstheme--><!--mstheme-->Rainer Schlie\u00dfmann<br \/>\nHelga Ritter<br \/>\nJoachim Ritter<br \/>\nLaura Knies<br \/>\nLouisa St\u00f6hr<br \/>\nDoris Bachmann<br \/>\nKevin Leipe<br \/>\nAlisha Knies<br \/>\nHarry Heininger<br \/>\nEhrenfried Uftring<\/p>\n<p><!--mstheme--><span style=\"font-family: comic sans ms,arial,helvetica;\"><br \/>\nDie <strong><a href=\"http:\/\/www.kahler-sandhasentheater.com\/brennen\/Satzung_erw_Vorstand_1.doc\">Satzung<\/a> <\/strong>des Kahler Sandhasen-Theaters.<\/span><\/p>\n","protected":false},"excerpt":{"rendered":"<p>1995 hatten ein paar Eltern des Kindergartens Sonnenschein die Idee, \u201eErz\u00e4hl\u201c-Theater f\u00fcr Kinder zu spielen. Mit der Zeit wurden unsere Theaterst\u00fccke l\u00e4nger und anspruchsvoller, irgendwann gab es keinen Erz\u00e4hler mehr und die Akteure sprechen seitdem ihre Dialoge selbst. Seit dem Jahr 2000 nennen wir uns \u201eKahler Sandhasen-Theater\u201c und in 2004 gr\u00fcndeten wir einen Verein. Rund [&hellip;]<\/p>\n","protected":false},"author":3,"featured_media":0,"parent":0,"menu_order":0,"comment_status":"open","ping_status":"closed","template":"","meta":{"ngg_post_thumbnail":0},"_links":{"self":[{"href":"https:\/\/www.kahler-sandhasentheater.com\/wordpress\/wp-json\/wp\/v2\/pages\/2"}],"collection":[{"href":"https:\/\/www.kahler-sandhasentheater.com\/wordpress\/wp-json\/wp\/v2\/pages"}],"about":[{"href":"https:\/\/www.kahler-sandhasentheater.com\/wordpress\/wp-json\/wp\/v2\/types\/page"}],"author":[{"embeddable":true,"href":"https:\/\/www.kahler-sandhasentheater.com\/wordpress\/wp-json\/wp\/v2\/users\/3"}],"replies":[{"embeddable":true,"href":"https:\/\/www.kahler-sandhasentheater.com\/wordpress\/wp-json\/wp\/v2\/comments?post=2"}],"version-history":[{"count":30,"href":"https:\/\/www.kahler-sandhasentheater.com\/wordpress\/wp-json\/wp\/v2\/pages\/2\/revisions"}],"predecessor-version":[{"id":2244,"href":"https:\/\/www.kahler-sandhasentheater.com\/wordpress\/wp-json\/wp\/v2\/pages\/2\/revisions\/2244"}],"wp:attachment":[{"href":"https:\/\/www.kahler-sandhasentheater.com\/wordpress\/wp-json\/wp\/v2\/media?parent=2"}],"curies":[{"name":"wp","href":"https:\/\/api.w.org\/{rel}","templated":true}]}}